{"id":108,"date":"2017-05-03T18:26:09","date_gmt":"2017-05-03T18:26:09","guid":{"rendered":"http:\/\/hermandadelperdonmadrid.es\/?page_id=108"},"modified":"2017-05-10T07:56:56","modified_gmt":"2017-05-10T07:56:56","slug":"procesion-2011","status":"publish","type":"page","link":"https:\/\/hermandadelperdonmadrid.es\/index.php\/procesion-2011\/","title":{"rendered":"Estaci\u00f3n de Penitencia 2011"},"content":{"rendered":"<p><span style=\"font-family: 'Times New Roman', Times;\">\u00abDe nuevo con su barrio.\u00bb<\/span><\/p>\n<p style=\"text-align: justify;\"><span style=\"font-family: 'Times New Roman', Times;\"><img data-recalc-dims=\"1\" loading=\"lazy\" decoding=\"async\" class=\"size-medium wp-image-518 alignleft\" src=\"https:\/\/i0.wp.com\/hermandadelperdonmadrid.es\/wp-content\/uploads\/2017\/05\/Cartel-2011.jpg?resize=225%2C300&#038;ssl=1\" alt=\"\" width=\"225\" height=\"300\" srcset=\"https:\/\/i0.wp.com\/hermandadelperdonmadrid.es\/wp-content\/uploads\/2017\/05\/Cartel-2011.jpg?resize=225%2C300&amp;ssl=1 225w, https:\/\/i0.wp.com\/hermandadelperdonmadrid.es\/wp-content\/uploads\/2017\/05\/Cartel-2011.jpg?w=240&amp;ssl=1 240w\" sizes=\"auto, (max-width: 225px) 100vw, 225px\" \/>Hab\u00eda pasado un a\u00f1o cargado de momentos, como el primer Cabildo General, \u00a0que conllevo a la redacci\u00f3n de los primeros estatutos, la restauraci\u00f3n del Cristo por las manos de don Javier Tudanca, y la jura de cargo de la primera Junta de Gobierno de la Hermandad en la misa en honor al Sant\u00edsimo Cristo del Perd\u00f3n el 23 de Octubre de 2010, tras dicha restauraci\u00f3n.<\/span><\/p>\n<p style=\"text-align: justify;\"><span style=\"font-family: 'Times New Roman', Times;\">En aquel cabildo tambi\u00e9n se eligi\u00f3 el nombre de la titular mariana, que se quer\u00eda poseer en un futuro, Mar\u00eda Sant\u00edsima de la Misericordia.<\/span><\/p>\n<hr \/>\n<p style=\"text-align: justify;\"><span style=\"font-family: 'Times New Roman', Times;\">Tambi\u00e9n se estableci\u00f3\u00a0el escudo corporativo de la <img data-recalc-dims=\"1\" loading=\"lazy\" decoding=\"async\" class=\" wp-image-526 alignright\" src=\"https:\/\/i0.wp.com\/hermandadelperdonmadrid.es\/wp-content\/uploads\/2017\/05\/Escudo-Antiguo.jpg?resize=119%2C125&#038;ssl=1\" alt=\"\" width=\"119\" height=\"125\" \/>Hermandad, una Cruz en medio y sobre ella el C\u00e1liz con la Sagrada Forma radiante, a ambos lados dos \u00f3valos acolados, el siniestro con el emblema \u201cJHS\u201d sobre fondo gul\u00e9s\u00a0y\u00a0 el diestro con el anagrama de Mar\u00eda sobre fondo\u00a0azur, bajo la cruz las armas de Vallecas y lema \u201cSpe Salvi\u201d, primer lema de la hermandad.<\/span><\/p>\n<p style=\"text-align: justify;\"><span style=\"font-family: 'Times New Roman', Times;\">La hermandad fue adquiriendo hermanos, y el pobre patrimonio necesario para las posteriores procesiones. As\u00ed llego de nuevo la Cuaresma, tiempo de penitencia y arrepentimiento, en la cual tuvieron lugar los ensayos de los anderos, los preparativos\u00a0del paso y un Triduo en v\u00edsperas de la procesi\u00f3n. El barrio se llen\u00f3 con carteles que anunciaban la pr\u00f3xima salida procesional y los lugares por los que iba a concurrir la misma, que ampliaba un poco el recorrido.<\/span><\/p>\n<p style=\"text-align: justify;\"><img data-recalc-dims=\"1\" loading=\"lazy\" decoding=\"async\" class=\" wp-image-532 aligncenter\" src=\"https:\/\/i0.wp.com\/hermandadelperdonmadrid.es\/wp-content\/uploads\/2017\/05\/Procesi%C3%B3n-2011-2.jpg?resize=400%2C301&#038;ssl=1\" alt=\"\" width=\"400\" height=\"301\" srcset=\"https:\/\/i0.wp.com\/hermandadelperdonmadrid.es\/wp-content\/uploads\/2017\/05\/Procesi%C3%B3n-2011-2.jpg?resize=300%2C226&amp;ssl=1 300w, https:\/\/i0.wp.com\/hermandadelperdonmadrid.es\/wp-content\/uploads\/2017\/05\/Procesi%C3%B3n-2011-2.jpg?w=423&amp;ssl=1 423w\" sizes=\"auto, (max-width: 400px) 100vw, 400px\" \/><\/p>\n<p style=\"text-align: justify;\"><span style=\"font-family: 'Times New Roman', Times;\">Este a\u00f1o se estrenan para el paso del Se\u00f1or, unos candelabros de guardabrisas de cinco luces cada uno para las esquinas del mismo. Y tambi\u00e9n unas peque\u00f1as im\u00e1genes de angelitos para los costeros y como imagen en la delantera del paso una talla de la Virgen en su advocaci\u00f3n del Carmen, patrona del barrio, hermandad con sede en la misma parroquia. El exorno floral del paso del Se\u00f1or, preparado por la priost\u00eda de la Hermandad, estaba compuesto por claveles rojos, margaritas moradas, iris y rosas rojas.<\/span><\/p>\n<p style=\"text-align: justify;\"><span style=\"font-family: 'Times New Roman', Times;\">\u00a0La procesi\u00f3n discurri\u00f3 por el barrio entrando en la \u201cplaza vieja\u201d lugar muy conocido en el mismo y continuo por las calles de la feligres\u00eda, para hacer lo propio de una Hermandad que se hace Cofrad\u00eda, dar testimonio p\u00fablico de la fe ante la gente que les rodea.<\/span><\/p>\n<p style=\"text-align: justify;\"><span style=\"font-family: 'Times New Roman', Times;\">Sergio \u00dabeda Portugu\u00e9s.<\/span><\/p>\n","protected":false},"excerpt":{"rendered":"<p>\u00abDe nuevo con su barrio.\u00bb Hab\u00eda pasado un a\u00f1o cargado de momentos, como el primer Cabildo General, \u00a0que conllevo a la redacci\u00f3n de los primeros estatutos, la restauraci\u00f3n del Cristo por las manos de don Javier Tudanca, y la jura &hellip; <a href=\"https:\/\/hermandadelperdonmadrid.es\/index.php\/procesion-2011\/\">Sigue leyendo <span class=\"meta-nav\">&rarr;<\/span><\/a><\/p>\n","protected":false},"author":1,"featured_media":0,"parent":0,"menu_order":0,"comment_status":"closed","ping_status":"closed","template":"","meta":{"footnotes":""},"class_list":["post-108","page","type-page","status-publish","hentry"],"jetpack_sharing_enabled":true,"jetpack_shortlink":"https:\/\/wp.me\/P8GJlT-1K","_links":{"self":[{"href":"https:\/\/hermandadelperdonmadrid.es\/index.php\/wp-json\/wp\/v2\/pages\/108","targetHints":{"allow":["GET"]}}],"collection":[{"href":"https:\/\/hermandadelperdonmadrid.es\/index.php\/wp-json\/wp\/v2\/pages"}],"about":[{"href":"https:\/\/hermandadelperdonmadrid.es\/index.php\/wp-json\/wp\/v2\/types\/page"}],"author":[{"embeddable":true,"href":"https:\/\/hermandadelperdonmadrid.es\/index.php\/wp-json\/wp\/v2\/users\/1"}],"replies":[{"embeddable":true,"href":"https:\/\/hermandadelperdonmadrid.es\/index.php\/wp-json\/wp\/v2\/comments?post=108"}],"version-history":[{"count":10,"href":"https:\/\/hermandadelperdonmadrid.es\/index.php\/wp-json\/wp\/v2\/pages\/108\/revisions"}],"predecessor-version":[{"id":563,"href":"https:\/\/hermandadelperdonmadrid.es\/index.php\/wp-json\/wp\/v2\/pages\/108\/revisions\/563"}],"wp:attachment":[{"href":"https:\/\/hermandadelperdonmadrid.es\/index.php\/wp-json\/wp\/v2\/media?parent=108"}],"curies":[{"name":"wp","href":"https:\/\/api.w.org\/{rel}","templated":true}]}}

Estación de Penitencia 2011

<p><span style="font-family: 'Times New Roman', Times;">«De nuevo con su barrio.»</span></p>
<p style="text-align: justify;"><span style="font-family: 'Times New Roman', Times;"><img data-recalc-dims="1" loading="lazy" decoding="async" class="size-medium wp-image-518 alignleft" src="https://i0.wp.com/hermandadelperdonmadrid.es/wp-content/uploads/2017/05/Cartel-2011.jpg?resize=225%2C300&#038;ssl=1" alt="" width="225" height="300" srcset="https://i0.wp.com/hermandadelperdonmadrid.es/wp-content/uploads/2017/05/Cartel-2011.jpg?resize=225%2C300&amp;ssl=1 225w, https://i0.wp.com/hermandadelperdonmadrid.es/wp-content/uploads/2017/05/Cartel-2011.jpg?w=240&amp;ssl=1 240w" sizes="auto, (max-width: 225px) 100vw, 225px" />Había pasado un año cargado de momentos, como el primer Cabildo General,  que conllevo a la redacción de los primeros estatutos, la restauración del Cristo por las manos de don Javier Tudanca, y la jura de cargo de la primera Junta de Gobierno de la Hermandad en la misa en honor al Santísimo Cristo del Perdón el 23 de Octubre de 2010, tras dicha restauración.</span></p>
<p style="text-align: justify;"><span style="font-family: 'Times New Roman', Times;">En aquel cabildo también se eligió el nombre de la titular mariana, que se quería poseer en un futuro, María Santísima de la Misericordia.</span></p>
<hr />
<p style="text-align: justify;"><span style="font-family: 'Times New Roman', Times;">También se estableció el escudo corporativo de la <img data-recalc-dims="1" loading="lazy" decoding="async" class=" wp-image-526 alignright" src="https://i0.wp.com/hermandadelperdonmadrid.es/wp-content/uploads/2017/05/Escudo-Antiguo.jpg?resize=119%2C125&#038;ssl=1" alt="" width="119" height="125" />Hermandad, una Cruz en medio y sobre ella el Cáliz con la Sagrada Forma radiante, a ambos lados dos óvalos acolados, el siniestro con el emblema “JHS” sobre fondo gulés y  el diestro con el anagrama de María sobre fondo azur, bajo la cruz las armas de Vallecas y lema “Spe Salvi”, primer lema de la hermandad.</span></p>
<p style="text-align: justify;"><span style="font-family: 'Times New Roman', Times;">La hermandad fue adquiriendo hermanos, y el pobre patrimonio necesario para las posteriores procesiones. Así llego de nuevo la Cuaresma, tiempo de penitencia y arrepentimiento, en la cual tuvieron lugar los ensayos de los anderos, los preparativos del paso y un Triduo en vísperas de la procesión. El barrio se llenó con carteles que anunciaban la próxima salida procesional y los lugares por los que iba a concurrir la misma, que ampliaba un poco el recorrido.</span></p>
<p style="text-align: justify;"><img data-recalc-dims="1" loading="lazy" decoding="async" class=" wp-image-532 aligncenter" src="https://i0.wp.com/hermandadelperdonmadrid.es/wp-content/uploads/2017/05/Procesi%C3%B3n-2011-2.jpg?resize=400%2C301&#038;ssl=1" alt="" width="400" height="301" srcset="https://i0.wp.com/hermandadelperdonmadrid.es/wp-content/uploads/2017/05/Procesi%C3%B3n-2011-2.jpg?resize=300%2C226&amp;ssl=1 300w, https://i0.wp.com/hermandadelperdonmadrid.es/wp-content/uploads/2017/05/Procesi%C3%B3n-2011-2.jpg?w=423&amp;ssl=1 423w" sizes="auto, (max-width: 400px) 100vw, 400px" /></p>
<p style="text-align: justify;"><span style="font-family: 'Times New Roman', Times;">Este año se estrenan para el paso del Señor, unos candelabros de guardabrisas de cinco luces cada uno para las esquinas del mismo. Y también unas pequeñas imágenes de angelitos para los costeros y como imagen en la delantera del paso una talla de la Virgen en su advocación del Carmen, patrona del barrio, hermandad con sede en la misma parroquia. El exorno floral del paso del Señor, preparado por la priostía de la Hermandad, estaba compuesto por claveles rojos, margaritas moradas, iris y rosas rojas.</span></p>
<p style="text-align: justify;"><span style="font-family: 'Times New Roman', Times;"> La procesión discurrió por el barrio entrando en la “plaza vieja” lugar muy conocido en el mismo y continuo por las calles de la feligresía, para hacer lo propio de una Hermandad que se hace Cofradía, dar testimonio público de la fe ante la gente que les rodea.</span></p>
<p style="text-align: justify;"><span style="font-family: 'Times New Roman', Times;">Sergio Úbeda Portugués.</span></p>

<p>«De nuevo con su barrio.» Había pasado un año cargado de momentos, como el primer Cabildo General,  que conllevo a la redacción de los primeros estatutos, la restauración del Cristo por las manos de don Javier Tudanca, y la jura &hellip; <a href="https://hermandadelperdonmadrid.es/index.php/procesion-2011/">Sigue leyendo <span class="meta-nav">&rarr;</span></a></p>
