{"id":110,"date":"2017-05-03T18:27:17","date_gmt":"2017-05-03T18:27:17","guid":{"rendered":"http:\/\/hermandadelperdonmadrid.es\/?page_id=110"},"modified":"2017-05-10T07:58:34","modified_gmt":"2017-05-10T07:58:34","slug":"procesion-2012","status":"publish","type":"page","link":"https:\/\/hermandadelperdonmadrid.es\/index.php\/procesion-2012\/","title":{"rendered":"Estaci\u00f3n de Penitencia 2012"},"content":{"rendered":"<p style=\"text-align: justify;\"><span style=\"font-family: 'Times New Roman', Times;\">\u00abLos primeros Capirotes Granates.\u00bb<\/span><br \/>\n<img data-recalc-dims=\"1\" loading=\"lazy\" decoding=\"async\" class=\" wp-image-519 alignleft\" src=\"https:\/\/i0.wp.com\/hermandadelperdonmadrid.es\/wp-content\/uploads\/2017\/05\/Cartel-2012.jpg?resize=220%2C293&#038;ssl=1\" alt=\"\" width=\"220\" height=\"293\" \/><span style=\"font-family: 'Times New Roman', Times;\">En el a\u00f1o 2012 la Hermandad segu\u00eda creciendo y haciendo de los cultos al Cristo del Perd\u00f3n un momento de devoci\u00f3n particular al Se\u00f1or. Este ser\u00eda el primer a\u00f1o en sacar nazarenos a las calles de Vallecas, con t\u00fanicas de raso granate, color corporativo de la Hermandad.<\/span><\/p>\n<p style=\"text-align: justify;\"><span style=\"font-family: 'Times New Roman', Times;\"><img data-recalc-dims=\"1\" loading=\"lazy\" decoding=\"async\" class=\"size-full wp-image-534 alignright\" src=\"https:\/\/i0.wp.com\/hermandadelperdonmadrid.es\/wp-content\/uploads\/2017\/05\/Procesi%C3%B3n-2012-2.jpg?resize=188%2C251&#038;ssl=1\" alt=\"\" width=\"188\" height=\"251\" \/>La Cuaresma fue como otra cualquiera, con la preparaci\u00f3n del triduo, de los ensayos de los anderos y de lo referente a la procesi\u00f3n. El Triduo que cont\u00f3 con la presencia de varios sacerdotes de la Vicaria IV, dio paso a la procesi\u00f3n del Viernes de Dolores. Se ampli\u00f3 un poco m\u00e1s el recorrido de la misma, que hizo posible disfrutar m\u00e1s del Se\u00f1or por las calles del barrio.<\/span><\/p>\n<hr \/>\n<p style=\"text-align: justify;\"><span style=\"font-family: 'Times New Roman', Times;\">A las ocho de la tarde se abr\u00edan las puertas de la Parroquia San Ram\u00f3n Nonato, y sal\u00edan por primera vez esos nazarenos color grana, que portando la cruz de gu\u00eda abr\u00edan paso a la procesi\u00f3n. Con enseres nuevos la Hermandad quer\u00eda dar mayor solemnidad a la primera procesi\u00f3n con nazarenos. Sin duda, el gran estreno de la Hermandad fue la cruz del Cristo, por primera vez arb\u00f3rea, regalo de un andero y su familia.<\/span><\/p>\n<p style=\"text-align: justify;\"><span style=\"font-family: 'Times New Roman', Times;\"><img data-recalc-dims=\"1\" loading=\"lazy\" decoding=\"async\" class=\" wp-image-535 aligncenter\" src=\"https:\/\/i0.wp.com\/hermandadelperdonmadrid.es\/wp-content\/uploads\/2017\/05\/Procesi%C3%B3n-2012.jpg?resize=460%2C345&#038;ssl=1\" alt=\"\" width=\"460\" height=\"345\" srcset=\"https:\/\/i0.wp.com\/hermandadelperdonmadrid.es\/wp-content\/uploads\/2017\/05\/Procesi%C3%B3n-2012.jpg?resize=300%2C225&amp;ssl=1 300w, https:\/\/i0.wp.com\/hermandadelperdonmadrid.es\/wp-content\/uploads\/2017\/05\/Procesi%C3%B3n-2012.jpg?w=570&amp;ssl=1 570w\" sizes=\"auto, (max-width: 460px) 100vw, 460px\" \/><\/span><\/p>\n<p style=\"text-align: justify;\"><span style=\"font-family: 'Times New Roman', Times;\">Por su parte el paso del Se\u00f1or luc\u00eda los candelabros de guardabrisa en las esquinas y bajo ellos los angelitos que posee la hermandad, con la Virgen del Carmen en el centro de la delantera y una figura de San Juan Pablo II,\u00a0por entonces a\u00fan beato. El exorno del paso constaba de claveles rojos, margaritas granates, calas color vino y liatrix morados.<\/span><\/p>\n<p style=\"text-align: justify;\"><span style=\"font-family: 'Times New Roman', Times;\">Sergio \u00dabeda Portugu\u00e9s.<\/span><\/p>\n","protected":false},"excerpt":{"rendered":"<p>\u00abLos primeros Capirotes Granates.\u00bb En el a\u00f1o 2012 la Hermandad segu\u00eda creciendo y haciendo de los cultos al Cristo del Perd\u00f3n un momento de devoci\u00f3n particular al Se\u00f1or. Este ser\u00eda el primer a\u00f1o en sacar nazarenos a las calles de &hellip; <a href=\"https:\/\/hermandadelperdonmadrid.es\/index.php\/procesion-2012\/\">Sigue leyendo <span class=\"meta-nav\">&rarr;<\/span><\/a><\/p>\n","protected":false},"author":1,"featured_media":0,"parent":0,"menu_order":0,"comment_status":"closed","ping_status":"closed","template":"","meta":{"footnotes":""},"class_list":["post-110","page","type-page","status-publish","hentry"],"jetpack_sharing_enabled":true,"jetpack_shortlink":"https:\/\/wp.me\/P8GJlT-1M","_links":{"self":[{"href":"https:\/\/hermandadelperdonmadrid.es\/index.php\/wp-json\/wp\/v2\/pages\/110","targetHints":{"allow":["GET"]}}],"collection":[{"href":"https:\/\/hermandadelperdonmadrid.es\/index.php\/wp-json\/wp\/v2\/pages"}],"about":[{"href":"https:\/\/hermandadelperdonmadrid.es\/index.php\/wp-json\/wp\/v2\/types\/page"}],"author":[{"embeddable":true,"href":"https:\/\/hermandadelperdonmadrid.es\/index.php\/wp-json\/wp\/v2\/users\/1"}],"replies":[{"embeddable":true,"href":"https:\/\/hermandadelperdonmadrid.es\/index.php\/wp-json\/wp\/v2\/comments?post=110"}],"version-history":[{"count":10,"href":"https:\/\/hermandadelperdonmadrid.es\/index.php\/wp-json\/wp\/v2\/pages\/110\/revisions"}],"predecessor-version":[{"id":565,"href":"https:\/\/hermandadelperdonmadrid.es\/index.php\/wp-json\/wp\/v2\/pages\/110\/revisions\/565"}],"wp:attachment":[{"href":"https:\/\/hermandadelperdonmadrid.es\/index.php\/wp-json\/wp\/v2\/media?parent=110"}],"curies":[{"name":"wp","href":"https:\/\/api.w.org\/{rel}","templated":true}]}}

Estación de Penitencia 2012

<p style="text-align: justify;"><span style="font-family: 'Times New Roman', Times;">«Los primeros Capirotes Granates.»</span><br />
<img data-recalc-dims="1" loading="lazy" decoding="async" class=" wp-image-519 alignleft" src="https://i0.wp.com/hermandadelperdonmadrid.es/wp-content/uploads/2017/05/Cartel-2012.jpg?resize=220%2C293&#038;ssl=1" alt="" width="220" height="293" /><span style="font-family: 'Times New Roman', Times;">En el año 2012 la Hermandad seguía creciendo y haciendo de los cultos al Cristo del Perdón un momento de devoción particular al Señor. Este sería el primer año en sacar nazarenos a las calles de Vallecas, con túnicas de raso granate, color corporativo de la Hermandad.</span></p>
<p style="text-align: justify;"><span style="font-family: 'Times New Roman', Times;"><img data-recalc-dims="1" loading="lazy" decoding="async" class="size-full wp-image-534 alignright" src="https://i0.wp.com/hermandadelperdonmadrid.es/wp-content/uploads/2017/05/Procesi%C3%B3n-2012-2.jpg?resize=188%2C251&#038;ssl=1" alt="" width="188" height="251" />La Cuaresma fue como otra cualquiera, con la preparación del triduo, de los ensayos de los anderos y de lo referente a la procesión. El Triduo que contó con la presencia de varios sacerdotes de la Vicaria IV, dio paso a la procesión del Viernes de Dolores. Se amplió un poco más el recorrido de la misma, que hizo posible disfrutar más del Señor por las calles del barrio.</span></p>
<hr />
<p style="text-align: justify;"><span style="font-family: 'Times New Roman', Times;">A las ocho de la tarde se abrían las puertas de la Parroquia San Ramón Nonato, y salían por primera vez esos nazarenos color grana, que portando la cruz de guía abrían paso a la procesión. Con enseres nuevos la Hermandad quería dar mayor solemnidad a la primera procesión con nazarenos. Sin duda, el gran estreno de la Hermandad fue la cruz del Cristo, por primera vez arbórea, regalo de un andero y su familia.</span></p>
<p style="text-align: justify;"><span style="font-family: 'Times New Roman', Times;"><img data-recalc-dims="1" loading="lazy" decoding="async" class=" wp-image-535 aligncenter" src="https://i0.wp.com/hermandadelperdonmadrid.es/wp-content/uploads/2017/05/Procesi%C3%B3n-2012.jpg?resize=460%2C345&#038;ssl=1" alt="" width="460" height="345" srcset="https://i0.wp.com/hermandadelperdonmadrid.es/wp-content/uploads/2017/05/Procesi%C3%B3n-2012.jpg?resize=300%2C225&amp;ssl=1 300w, https://i0.wp.com/hermandadelperdonmadrid.es/wp-content/uploads/2017/05/Procesi%C3%B3n-2012.jpg?w=570&amp;ssl=1 570w" sizes="auto, (max-width: 460px) 100vw, 460px" /></span></p>
<p style="text-align: justify;"><span style="font-family: 'Times New Roman', Times;">Por su parte el paso del Señor lucía los candelabros de guardabrisa en las esquinas y bajo ellos los angelitos que posee la hermandad, con la Virgen del Carmen en el centro de la delantera y una figura de San Juan Pablo II, por entonces aún beato. El exorno del paso constaba de claveles rojos, margaritas granates, calas color vino y liatrix morados.</span></p>
<p style="text-align: justify;"><span style="font-family: 'Times New Roman', Times;">Sergio Úbeda Portugués.</span></p>

<p>«Los primeros Capirotes Granates.» En el año 2012 la Hermandad seguía creciendo y haciendo de los cultos al Cristo del Perdón un momento de devoción particular al Señor. Este sería el primer año en sacar nazarenos a las calles de &hellip; <a href="https://hermandadelperdonmadrid.es/index.php/procesion-2012/">Sigue leyendo <span class="meta-nav">&rarr;</span></a></p>
