{"id":1168,"date":"2019-04-24T08:45:46","date_gmt":"2019-04-24T07:45:46","guid":{"rendered":"http:\/\/hermandadelperdonmadrid.es\/?page_id=1168"},"modified":"2023-11-19T17:17:19","modified_gmt":"2023-11-19T16:17:19","slug":"procesion-2019","status":"publish","type":"page","link":"https:\/\/hermandadelperdonmadrid.es\/index.php\/procesion-2019\/","title":{"rendered":"Estaci\u00f3n de Penitencia 2019"},"content":{"rendered":"<p>\u00abUn Viernes de Dolores m\u00e1s, y ya van diez.\u00bb<\/p>\n<p style=\"text-align: justify;\"><img data-recalc-dims=\"1\" loading=\"lazy\" decoding=\"async\" class=\" wp-image-957 alignleft\" src=\"https:\/\/i0.wp.com\/hermandadelperdonmadrid.es\/wp-content\/uploads\/2019\/03\/Cartel-2019.jpeg?resize=170%2C240&#038;ssl=1\" alt=\"\" width=\"170\" height=\"240\" \/>La Hermandad volvi\u00f3 a realizar su Estaci\u00f3n de Penitencia, a dar testimonio p\u00fablico de fe para mayor gloria del Se\u00f1or y de su Madre. El sol brill\u00f3 desde por la ma\u00f1ana hasta el ocaso cuando, al atardecer, la Hermandad se dispon\u00eda a llegar a la parroquia de la Aurora mientras la banda tocaba \u201cConsuelo Gitano\u201d. Pero \u00e9ste no fue el \u00fanico momento emotivo de la salida procesional.<\/p>\n<hr \/>\n<p style=\"text-align: justify;\">A las ocho en punto se abr\u00edan las puertas de San Ram\u00f3n y la cruz de gu\u00eda, flanqueada por dos faroles, comenzaba a recorrer la calle Melquiades Biencinto en direcci\u00f3n a Antonia Calas, en sentido opuesto a como lo ven\u00eda haciendo en los \u00faltimos tres a\u00f1os. Numeroso p\u00fablico se agolpaba desde hac\u00eda dos horas en la plazoleta de la iglesia. Las c\u00e1maras de televisi\u00f3n tambi\u00e9n eran testigo de lo que all\u00ed acontec\u00eda. El Cristo del Perd\u00f3n y su Madre de la Misericordia volv\u00edan a encontrarse con su pueblo, con sus vecinos, y esta vez sin amenaza de lluvia.<\/p>\n<p><img data-recalc-dims=\"1\" loading=\"lazy\" decoding=\"async\" class=\"wp-image-957 aligncenter\" src=\"https:\/\/i0.wp.com\/hermandadelperdonmadrid.es\/wp-content\/uploads\/2019\/04\/Procesi%C3%B3n-2019-1.jpg?resize=400%2C270&#038;ssl=1\" alt=\"\" width=\"400\" height=\"270\" \/><\/p>\n<p style=\"text-align: justify;\">Desde la salida del paso se sucedieron las saetas y petaladas desde los balcones, lo que ralentiz\u00f3 el discurrir de la cofrad\u00eda hasta la avenida de Monte Igueldo. Y, como no, con la m\u00fasica como el mejor regalo para los o\u00eddos, entremezclada con el cante de Jos\u00e9 Luis Luengo y Paco Orellana. \u201cNuestro Padre Jes\u00fas de la Victoria\u201d fue la primera marcha que son\u00f3 tras nuestro paso.<\/p>\n<p style=\"text-align: justify;\">Un momento especialmente emotivo, y no s\u00f3lo para los que acompa\u00f1amos bajo el antifaz sino tambi\u00e9n para m\u00e1s de un costalero, que as\u00ed lo ha verbalizado, fue la subida por Mart\u00ednez de la Riva con la marcha \u201cCostalero\u201d y la llegada a la fuente del olivo con \u201cPresentado a Sevilla\u201d.<\/p>\n<p><img data-recalc-dims=\"1\" loading=\"lazy\" decoding=\"async\" class=\"wp-image-957 aligncenter\" src=\"https:\/\/i0.wp.com\/hermandadelperdonmadrid.es\/wp-content\/uploads\/2019\/04\/Procesi%C3%B3n-2019-2.jpg?resize=400%2C270&#038;ssl=1\" alt=\"\" width=\"400\" height=\"270\" \/><\/p>\n<p style=\"text-align: justify;\">Coincidiendo con el anochecer, con esa luz que tanto embellece los desfiles procesionales, el paso se fue adentrando en las callejuelas de la feligres\u00eda del Santo \u00c1ngel. Son\u00f3 \u201cAve Mar\u00eda\u201d y \u201cConsuelo Gitano\u201d y se hizo el silencio entre el numeroso p\u00fablico que acompa\u00f1aba el discurrir del cortejo.<\/p>\n<p style=\"text-align: justify;\">Tras una oraci\u00f3n frente a la puerta de la parroquia de la Aurora la cofrad\u00eda prosigui\u00f3 su marcha, ya de vuelta a San Ram\u00f3n, por las calles estrechas de Gregorio Sanz, Puerto Alto y Monte Perdido. Si la cuadrilla de costaleros anduvo bien en todo momento, con levant\u00e1s muy cuidadas y sin estridencias, como anda un paso de misterio con un Crucificado, se qued\u00f3 rozando la perfecci\u00f3n en el giro de la calle Monte Perdido a la avenida de Monte Igueldo. Los m\u00fasicos de Ajalvir comenzaron a interpretar \u201cLa Soledad del Cautivo\u201d y hasta el aire se par\u00f3 como queriendo que el tiempo no pasara, que la luna llena se reflejara en la diadema de la Se\u00f1ora y el sonido de las zapatillas de los costaleros fuera aut\u00e9ntica oraci\u00f3n en la noche del \u00faltimo viernes de la Cuaresma.<\/p>\n<p><img data-recalc-dims=\"1\" loading=\"lazy\" decoding=\"async\" class=\"wp-image-957 aligncenter\" src=\"https:\/\/i0.wp.com\/hermandadelperdonmadrid.es\/wp-content\/uploads\/2019\/04\/Procesi%C3%B3n-2019-3.jpg?resize=400%2C270&#038;ssl=1\" alt=\"\" width=\"400\" height=\"270\" \/><\/p>\n<p style=\"text-align: justify;\">Y sonar\u00eda \u201cReina de Reyes\u201d, \u201cAlma de Dios\u201d y \u201cGitano de Sevilla\u201d. Y, como en un sue\u00f1o, los hermanos y devotos del Perd\u00f3n vimos como aquello se acercaba a su fin. Pero a\u00fan nos quedaba ver a nuestro Cristo girar por \u00faltima vez en la calle a los sones de \u201cTras de ti mi Cautivo\u201d, y a nuestra Virgen regalar su \u00faltima mirada a sus hijos, congregados en la plaza, como diciendo \u201cno llor\u00e9is, que pronto resucitar\u00e1\u201d.<\/p>\n<p style=\"text-align: justify;\">Y el Se\u00f1or y su Madre volvieron a su casa. Y el llamador son\u00f3 por \u00faltima vez. De nuevo los abrazos los llanos y las felicitaciones. Y as\u00ed transcurri\u00f3 la d\u00e9cima salida de la Hermandad del Perd\u00f3n de Madrid.<\/p>\n<p><img data-recalc-dims=\"1\" loading=\"lazy\" decoding=\"async\" class=\"wp-image-957 aligncenter\" src=\"https:\/\/i0.wp.com\/hermandadelperdonmadrid.es\/wp-content\/uploads\/2019\/04\/Procesi%C3%B3n-2019-4.jpg?resize=400%2C270&#038;ssl=1\" alt=\"\" width=\"400\" height=\"270\" \/><\/p>\n<p style=\"text-align: justify;\">Julio Casanova Merinero.<\/p>\n","protected":false},"excerpt":{"rendered":"<p>\u00abUn Viernes de Dolores m\u00e1s, y ya van diez.\u00bb La Hermandad volvi\u00f3 a realizar su Estaci\u00f3n de Penitencia, a dar testimonio p\u00fablico de fe para mayor gloria del Se\u00f1or y de su Madre. El sol brill\u00f3 desde por la ma\u00f1ana &hellip; <a href=\"https:\/\/hermandadelperdonmadrid.es\/index.php\/procesion-2019\/\">Sigue leyendo <span class=\"meta-nav\">&rarr;<\/span><\/a><\/p>\n","protected":false},"author":1,"featured_media":0,"parent":0,"menu_order":0,"comment_status":"closed","ping_status":"closed","template":"","meta":{"footnotes":""},"class_list":["post-1168","page","type-page","status-publish","hentry"],"jetpack_sharing_enabled":true,"jetpack_shortlink":"https:\/\/wp.me\/P8GJlT-iQ","_links":{"self":[{"href":"https:\/\/hermandadelperdonmadrid.es\/index.php\/wp-json\/wp\/v2\/pages\/1168","targetHints":{"allow":["GET"]}}],"collection":[{"href":"https:\/\/hermandadelperdonmadrid.es\/index.php\/wp-json\/wp\/v2\/pages"}],"about":[{"href":"https:\/\/hermandadelperdonmadrid.es\/index.php\/wp-json\/wp\/v2\/types\/page"}],"author":[{"embeddable":true,"href":"https:\/\/hermandadelperdonmadrid.es\/index.php\/wp-json\/wp\/v2\/users\/1"}],"replies":[{"embeddable":true,"href":"https:\/\/hermandadelperdonmadrid.es\/index.php\/wp-json\/wp\/v2\/comments?post=1168"}],"version-history":[{"count":6,"href":"https:\/\/hermandadelperdonmadrid.es\/index.php\/wp-json\/wp\/v2\/pages\/1168\/revisions"}],"predecessor-version":[{"id":3011,"href":"https:\/\/hermandadelperdonmadrid.es\/index.php\/wp-json\/wp\/v2\/pages\/1168\/revisions\/3011"}],"wp:attachment":[{"href":"https:\/\/hermandadelperdonmadrid.es\/index.php\/wp-json\/wp\/v2\/media?parent=1168"}],"curies":[{"name":"wp","href":"https:\/\/api.w.org\/{rel}","templated":true}]}}