{"id":33,"date":"2017-05-02T15:52:15","date_gmt":"2017-05-02T15:52:15","guid":{"rendered":"http:\/\/hermandadelperdonmadrid.es\/?page_id=33"},"modified":"2024-07-14T12:00:11","modified_gmt":"2024-07-14T11:00:11","slug":"viernes-de-dolores","status":"publish","type":"page","link":"https:\/\/hermandadelperdonmadrid.es\/index.php\/viernes-de-dolores\/","title":{"rendered":"Viernes de Dolores"},"content":{"rendered":"<p style=\"text-align: justify;\"><span style=\"font-family: 'Times New Roman', Times;\">El 26 de Diciembre de 2009, estando reunidos, el actual Hermano Mayor y el p\u00e1rroco de San Ram\u00f3n Nonato, don Jos\u00e9 Manuel Horcajo Lucas, surgi\u00f3 la idea de realizar un V\u00eda Crucis un viernes de cuaresma con la imagen de un Cristo que estaba guardado en la parroquia. Con el mismo motivo se sugiri\u00f3 que podr\u00eda ser el \u00faltimo viernes de cuaresma, Viernes de Dolores, que ser\u00eda el 26 de Marzo de 2010. Desde entonces, el Sant\u00edsimo Cristo del Perd\u00f3n siempre ha salido el Viernes de Dolores, a excepci\u00f3n del a\u00f1o 2013, que para estar en comuni\u00f3n con el Arzobispo diocesano, y participar en un V\u00eda Crucis para toda la di\u00f3cesis, se cambio el d\u00eda de salida al S\u00e1bado de Pasi\u00f3n.<\/span><br \/>\n<span style=\"font-family: 'Times New Roman', Times;\"><img data-recalc-dims=\"1\" loading=\"lazy\" decoding=\"async\" class=\"alignright wp-image-528\" src=\"https:\/\/i0.wp.com\/hermandadelperdonmadrid.es\/wp-content\/uploads\/2017\/05\/Nazarenos-2016.jpg?resize=480%2C320&#038;ssl=1\" alt=\"\" width=\"480\" height=\"320\" srcset=\"https:\/\/i0.wp.com\/hermandadelperdonmadrid.es\/wp-content\/uploads\/2017\/05\/Nazarenos-2016.jpg?w=562&amp;ssl=1 562w, https:\/\/i0.wp.com\/hermandadelperdonmadrid.es\/wp-content\/uploads\/2017\/05\/Nazarenos-2016.jpg?resize=300%2C200&amp;ssl=1 300w\" sizes=\"auto, (max-width: 480px) 100vw, 480px\" \/><\/span><\/p>\n<ul>\n<li><a href=\"https:\/\/hermandadelperdonmadrid.es\/index.php\/estacion-de-penitencia-2024\/\">Procesi\u00f3n 2024<\/a><\/li>\n<li><a href=\"https:\/\/hermandadelperdonmadrid.es\/index.php\/estacion-de-penitencia-2023\/\">Procesi\u00f3n 2023<\/a><\/li>\n<li><a href=\"https:\/\/hermandadelperdonmadrid.es\/index.php\/estacion-de-penitencia-2022\/\">Procesi\u00f3n 2022<\/a><\/li>\n<li><a href=\"https:\/\/hermandadelperdonmadrid.es\/index.php\/estacion-de-penitencia-2021\/\">Procesi\u00f3n 2021<\/a><\/li>\n<li><a href=\"https:\/\/hermandadelperdonmadrid.es\/index.php\/estacion-de-penitencia-2020\/\">Procesi\u00f3n 2020<\/a><\/li>\n<li><a href=\"https:\/\/hermandadelperdonmadrid.es\/index.php\/procesion-2019\/\">Procesi\u00f3n 2019<\/a><\/li>\n<li><a href=\"https:\/\/hermandadelperdonmadrid.es\/index.php\/procesion-2018\/\">Procesi\u00f3n 2018<\/a><\/li>\n<li><span style=\"font-family: 'Times New Roman', Times;\"><a href=\"https:\/\/hermandadelperdonmadrid.es\/index.php\/procesion-2017\/\">Procesi\u00f3n 2017<\/a><\/span><\/li>\n<li><span style=\"font-family: 'Times New Roman', Times;\"><a href=\"https:\/\/hermandadelperdonmadrid.es\/index.php\/procesion-2016\/\">Procesi\u00f3n 2016<\/a><\/span><\/li>\n<li><span style=\"font-family: 'Times New Roman', Times;\"><a href=\"https:\/\/hermandadelperdonmadrid.es\/index.php\/procesion-2015\/\">Procesi\u00f3n 2015<\/a><\/span><\/li>\n<li><span style=\"font-family: 'Times New Roman', Times;\"><a href=\"https:\/\/hermandadelperdonmadrid.es\/index.php\/procesion-2014\/\">Procesi\u00f3n 2014<\/a><\/span><\/li>\n<li><span style=\"font-family: 'Times New Roman', Times;\"><a href=\"https:\/\/hermandadelperdonmadrid.es\/index.php\/procesion-2013\/\">Procesi\u00f3n 2013<\/a><\/span><\/li>\n<li><span style=\"font-family: 'Times New Roman', Times;\"><a href=\"https:\/\/hermandadelperdonmadrid.es\/index.php\/procesion-2012\/\">Procesi\u00f3n 2012<\/a><\/span><\/li>\n<li><span style=\"font-family: 'Times New Roman', Times;\"><a href=\"https:\/\/hermandadelperdonmadrid.es\/index.php\/procesion-2011\/\">Procesi\u00f3n 2011<\/a><\/span><\/li>\n<li><span style=\"font-family: 'Times New Roman', Times;\"><a href=\"https:\/\/hermandadelperdonmadrid.es\/index.php\/procesion-2010\/\">Procesi\u00f3n 2010<\/a><\/span><\/li>\n<\/ul>\n<p><img data-recalc-dims=\"1\" loading=\"lazy\" decoding=\"async\" class=\"wp-image-634 aligncenter\" src=\"https:\/\/i0.wp.com\/hermandadelperdonmadrid.es\/wp-content\/uploads\/2017\/05\/DSC_0685.jpg?resize=549%2C366&#038;ssl=1\" alt=\"\" width=\"549\" height=\"366\" srcset=\"https:\/\/i0.wp.com\/hermandadelperdonmadrid.es\/wp-content\/uploads\/2017\/05\/DSC_0685.jpg?w=3456&amp;ssl=1 3456w, https:\/\/i0.wp.com\/hermandadelperdonmadrid.es\/wp-content\/uploads\/2017\/05\/DSC_0685.jpg?resize=300%2C200&amp;ssl=1 300w, https:\/\/i0.wp.com\/hermandadelperdonmadrid.es\/wp-content\/uploads\/2017\/05\/DSC_0685.jpg?resize=768%2C512&amp;ssl=1 768w, https:\/\/i0.wp.com\/hermandadelperdonmadrid.es\/wp-content\/uploads\/2017\/05\/DSC_0685.jpg?resize=1024%2C683&amp;ssl=1 1024w, https:\/\/i0.wp.com\/hermandadelperdonmadrid.es\/wp-content\/uploads\/2017\/05\/DSC_0685.jpg?w=1280&amp;ssl=1 1280w, https:\/\/i0.wp.com\/hermandadelperdonmadrid.es\/wp-content\/uploads\/2017\/05\/DSC_0685.jpg?w=1920&amp;ssl=1 1920w\" sizes=\"auto, (max-width: 549px) 100vw, 549px\" \/><\/p>\n","protected":false},"excerpt":{"rendered":"<p>El 26 de Diciembre de 2009, estando reunidos, el actual Hermano Mayor y el p\u00e1rroco de San Ram\u00f3n Nonato, don Jos\u00e9 Manuel Horcajo Lucas, surgi\u00f3 la idea de realizar un V\u00eda Crucis un viernes de cuaresma con la imagen de &hellip; <a href=\"https:\/\/hermandadelperdonmadrid.es\/index.php\/viernes-de-dolores\/\">Sigue leyendo <span class=\"meta-nav\">&rarr;<\/span><\/a><\/p>\n","protected":false},"author":1,"featured_media":0,"parent":0,"menu_order":0,"comment_status":"closed","ping_status":"closed","template":"","meta":{"footnotes":""},"class_list":["post-33","page","type-page","status-publish","hentry"],"jetpack_sharing_enabled":true,"jetpack_shortlink":"https:\/\/wp.me\/P8GJlT-x","_links":{"self":[{"href":"https:\/\/hermandadelperdonmadrid.es\/index.php\/wp-json\/wp\/v2\/pages\/33","targetHints":{"allow":["GET"]}}],"collection":[{"href":"https:\/\/hermandadelperdonmadrid.es\/index.php\/wp-json\/wp\/v2\/pages"}],"about":[{"href":"https:\/\/hermandadelperdonmadrid.es\/index.php\/wp-json\/wp\/v2\/types\/page"}],"author":[{"embeddable":true,"href":"https:\/\/hermandadelperdonmadrid.es\/index.php\/wp-json\/wp\/v2\/users\/1"}],"replies":[{"embeddable":true,"href":"https:\/\/hermandadelperdonmadrid.es\/index.php\/wp-json\/wp\/v2\/comments?post=33"}],"version-history":[{"count":23,"href":"https:\/\/hermandadelperdonmadrid.es\/index.php\/wp-json\/wp\/v2\/pages\/33\/revisions"}],"predecessor-version":[{"id":3322,"href":"https:\/\/hermandadelperdonmadrid.es\/index.php\/wp-json\/wp\/v2\/pages\/33\/revisions\/3322"}],"wp:attachment":[{"href":"https:\/\/hermandadelperdonmadrid.es\/index.php\/wp-json\/wp\/v2\/media?parent=33"}],"curies":[{"name":"wp","href":"https:\/\/api.w.org\/{rel}","templated":true}]}}

<p style="text-align: justify;"><span style="font-family: 'Times New Roman', Times;">El 26 de Diciembre de 2009, estando reunidos, el actual Hermano Mayor y el párroco de San Ramón Nonato, don José Manuel Horcajo Lucas, surgió la idea de realizar un Vía Crucis un viernes de cuaresma con la imagen de un Cristo que estaba guardado en la parroquia. Con el mismo motivo se sugirió que podría ser el último viernes de cuaresma, Viernes de Dolores, que sería el 26 de Marzo de 2010. Desde entonces, el Santísimo Cristo del Perdón siempre ha salido el Viernes de Dolores, a excepción del año 2013, que para estar en comunión con el Arzobispo diocesano, y participar en un Vía Crucis para toda la diócesis, se cambio el día de salida al Sábado de Pasión.</span><br />
<span style="font-family: 'Times New Roman', Times;"><img data-recalc-dims="1" loading="lazy" decoding="async" class="alignright wp-image-528" src="https://i0.wp.com/hermandadelperdonmadrid.es/wp-content/uploads/2017/05/Nazarenos-2016.jpg?resize=480%2C320&#038;ssl=1" alt="" width="480" height="320" srcset="https://i0.wp.com/hermandadelperdonmadrid.es/wp-content/uploads/2017/05/Nazarenos-2016.jpg?w=562&amp;ssl=1 562w, https://i0.wp.com/hermandadelperdonmadrid.es/wp-content/uploads/2017/05/Nazarenos-2016.jpg?resize=300%2C200&amp;ssl=1 300w" sizes="auto, (max-width: 480px) 100vw, 480px" /></span></p>
<ul>
<li><a href="https://hermandadelperdonmadrid.es/index.php/estacion-de-penitencia-2024/">Procesión 2024</a></li>
<li><a href="https://hermandadelperdonmadrid.es/index.php/estacion-de-penitencia-2023/">Procesión 2023</a></li>
<li><a href="https://hermandadelperdonmadrid.es/index.php/estacion-de-penitencia-2022/">Procesión 2022</a></li>
<li><a href="https://hermandadelperdonmadrid.es/index.php/estacion-de-penitencia-2021/">Procesión 2021</a></li>
<li><a href="https://hermandadelperdonmadrid.es/index.php/estacion-de-penitencia-2020/">Procesión 2020</a></li>
<li><a href="https://hermandadelperdonmadrid.es/index.php/procesion-2019/">Procesión 2019</a></li>
<li><a href="https://hermandadelperdonmadrid.es/index.php/procesion-2018/">Procesión 2018</a></li>
<li><span style="font-family: 'Times New Roman', Times;"><a href="https://hermandadelperdonmadrid.es/index.php/procesion-2017/">Procesión 2017</a></span></li>
<li><span style="font-family: 'Times New Roman', Times;"><a href="https://hermandadelperdonmadrid.es/index.php/procesion-2016/">Procesión 2016</a></span></li>
<li><span style="font-family: 'Times New Roman', Times;"><a href="https://hermandadelperdonmadrid.es/index.php/procesion-2015/">Procesión 2015</a></span></li>
<li><span style="font-family: 'Times New Roman', Times;"><a href="https://hermandadelperdonmadrid.es/index.php/procesion-2014/">Procesión 2014</a></span></li>
<li><span style="font-family: 'Times New Roman', Times;"><a href="https://hermandadelperdonmadrid.es/index.php/procesion-2013/">Procesión 2013</a></span></li>
<li><span style="font-family: 'Times New Roman', Times;"><a href="https://hermandadelperdonmadrid.es/index.php/procesion-2012/">Procesión 2012</a></span></li>
<li><span style="font-family: 'Times New Roman', Times;"><a href="https://hermandadelperdonmadrid.es/index.php/procesion-2011/">Procesión 2011</a></span></li>
<li><span style="font-family: 'Times New Roman', Times;"><a href="https://hermandadelperdonmadrid.es/index.php/procesion-2010/">Procesión 2010</a></span></li>
</ul>
<p><img data-recalc-dims="1" loading="lazy" decoding="async" class="wp-image-634 aligncenter" src="https://i0.wp.com/hermandadelperdonmadrid.es/wp-content/uploads/2017/05/DSC_0685.jpg?resize=549%2C366&#038;ssl=1" alt="" width="549" height="366" srcset="https://i0.wp.com/hermandadelperdonmadrid.es/wp-content/uploads/2017/05/DSC_0685.jpg?w=3456&amp;ssl=1 3456w, https://i0.wp.com/hermandadelperdonmadrid.es/wp-content/uploads/2017/05/DSC_0685.jpg?resize=300%2C200&amp;ssl=1 300w, https://i0.wp.com/hermandadelperdonmadrid.es/wp-content/uploads/2017/05/DSC_0685.jpg?resize=768%2C512&amp;ssl=1 768w, https://i0.wp.com/hermandadelperdonmadrid.es/wp-content/uploads/2017/05/DSC_0685.jpg?resize=1024%2C683&amp;ssl=1 1024w, https://i0.wp.com/hermandadelperdonmadrid.es/wp-content/uploads/2017/05/DSC_0685.jpg?w=1280&amp;ssl=1 1280w, https://i0.wp.com/hermandadelperdonmadrid.es/wp-content/uploads/2017/05/DSC_0685.jpg?w=1920&amp;ssl=1 1920w" sizes="auto, (max-width: 549px) 100vw, 549px" /></p>

<p>El 26 de Diciembre de 2009, estando reunidos, el actual Hermano Mayor y el párroco de San Ramón Nonato, don José Manuel Horcajo Lucas, surgió la idea de realizar un Vía Crucis un viernes de cuaresma con la imagen de &hellip; <a href="https://hermandadelperdonmadrid.es/index.php/viernes-de-dolores/">Sigue leyendo <span class="meta-nav">&rarr;</span></a></p>
