{"id":39,"date":"2017-05-02T15:52:16","date_gmt":"2017-05-02T15:52:16","guid":{"rendered":"http:\/\/hermandadelperdonmadrid.es\/?page_id=39"},"modified":"2017-05-14T08:18:51","modified_gmt":"2017-05-14T08:18:51","slug":"parroquia-san-ramon-nonato","status":"publish","type":"page","link":"https:\/\/hermandadelperdonmadrid.es\/index.php\/parroquia-san-ramon-nonato\/","title":{"rendered":"Parroquia San Ram\u00f3n Nonato"},"content":{"rendered":"<h2 style=\"text-align: justify;\"><span style=\"font-family: 'Times New Roman', Times;\"><strong>Horarios<\/strong><\/span><\/h2>\n<table style=\"height: 300px; border-color: #000000; background-color: #f2efe1;\" width=\"750\">\n<tbody>\n<tr>\n<td style=\"text-align: right;\"><\/td>\n<td style=\"text-align: center;\">Laborales<\/td>\n<td style=\"text-align: center;\">S\u00e1bados y V\u00edsperas<\/td>\n<td style=\"text-align: center;\">Domingos<\/td>\n<\/tr>\n<tr>\n<td style=\"text-align: center;\">Eucarist\u00edas<\/td>\n<td style=\"text-align: center;\">9:30, 18:30, 20:00<\/td>\n<td style=\"text-align: center;\">9:30, 18:30, 20:00<\/td>\n<td style=\"text-align: center;\">10:00, 11:00, 12:00, 13:00, 18:30, 20:00<\/td>\n<\/tr>\n<tr>\n<td style=\"text-align: center;\">Confesiones<\/td>\n<td style=\"text-align: center;\" colspan=\"3\">UNA HORA ANTES DE LAS CELEBRACIONES<\/td>\n<\/tr>\n<tr>\n<td style=\"text-align: center;\">Despacho Parroquial<\/td>\n<td style=\"text-align: center;\" colspan=\"3\">DE LUNES A VIERNES DE 10:00 A 12:00 Y DE 18:00 A 20:00<\/td>\n<\/tr>\n<tr>\n<td style=\"text-align: center;\">Apertura del Templo<\/td>\n<td style=\"text-align: center;\" colspan=\"3\">De 7:30 A 21:30<\/td>\n<\/tr>\n<\/tbody>\n<\/table>\n<h2><span style=\"font-family: 'Times New Roman', Times;\"><strong>Historia<\/strong><\/span><\/h2>\n<p style=\"text-align: justify;\"><span style=\"font-family: 'Times New Roman', Times;\">En Puente Vallecas terminaba un Madrid y comenzaba otro. Los or\u00edgenes de la parroquia se remontan a 1903, fecha en la que el matrimonio de Isidro Villota y Dupr\u00e9 y Ramona de la Presilla y Calas mandaron levantar un templo en memoria de su hijo Ram\u00f3n, fallecido a los 24 a\u00f1os. Concluida la construcci\u00f3n en 1907 se traslad\u00f3 all\u00ed la imagen de la Virgen del Carmen que exist\u00eda en una capilla situada en la calle Ramona de la Presilla, hoy Monte Igueldo.<\/span><\/p>\n<p style=\"text-align: justify;\"><span style=\"font-family: 'Times New Roman', Times;\">Erigida la parroquia en 1910 se designa a don Antonio Calvo y Maestre como cura ec\u00f3nomo. En San Ram\u00f3n dar\u00edan catequesis los beatos Pilar Izquierdo Albero, fundadora de la P\u00eda Uni\u00f3n de Misioneras de Jes\u00fas, y \u00c1lvaro del Portillo, primer prelado del Opus Dei.<\/span><\/p>\n<p style=\"text-align: justify;\"><span style=\"font-family: 'Times New Roman', Times;\"><img data-recalc-dims=\"1\" loading=\"lazy\" decoding=\"async\" class=\"size-full wp-image-381 aligncenter\" src=\"https:\/\/i0.wp.com\/hermandadelperdonmadrid.es\/wp-content\/uploads\/2017\/05\/San-Ram%C3%B3n1.jpg?resize=491%2C327&#038;ssl=1\" alt=\"\" width=\"491\" height=\"327\" srcset=\"https:\/\/i0.wp.com\/hermandadelperdonmadrid.es\/wp-content\/uploads\/2017\/05\/San-Ram%C3%B3n1.jpg?w=491&amp;ssl=1 491w, https:\/\/i0.wp.com\/hermandadelperdonmadrid.es\/wp-content\/uploads\/2017\/05\/San-Ram%C3%B3n1.jpg?resize=300%2C200&amp;ssl=1 300w\" sizes=\"auto, (max-width: 491px) 100vw, 491px\" \/><\/span><\/p>\n<p style=\"text-align: justify;\"><span style=\"font-family: 'Times New Roman', Times;\">Al comienzo de la Guerra Civil fueron fusilados el p\u00e1rroco, D. Emilio Franco, y el sacrist\u00e1n, y desaparecieron no s\u00f3lo esa talla original de la Virgen del Carmen sino tambi\u00e9n otras im\u00e1genes de culto, convirti\u00e9ndose el templo en un garaje.<\/span><\/p>\n<p style=\"text-align: justify;\"><span style=\"font-family: 'Times New Roman', Times;\">Pasada la guerra, en torno a 1939, la parroquia adquiri\u00f3 unas <img data-recalc-dims=\"1\" loading=\"lazy\" decoding=\"async\" class=\"size-full wp-image-379 alignright\" src=\"https:\/\/i0.wp.com\/hermandadelperdonmadrid.es\/wp-content\/uploads\/2017\/05\/San-Ram%C3%B3n-2.jpg?resize=221%2C332&#038;ssl=1\" alt=\"\" width=\"221\" height=\"332\" srcset=\"https:\/\/i0.wp.com\/hermandadelperdonmadrid.es\/wp-content\/uploads\/2017\/05\/San-Ram%C3%B3n-2.jpg?w=221&amp;ssl=1 221w, https:\/\/i0.wp.com\/hermandadelperdonmadrid.es\/wp-content\/uploads\/2017\/05\/San-Ram%C3%B3n-2.jpg?resize=200%2C300&amp;ssl=1 200w\" sizes=\"auto, (max-width: 221px) 100vw, 221px\" \/>nuevas im\u00e1genes de culto, entre ellas la actual Virgen del Carmen y un Crucificado, Titular de nuestra Hermandad hasta el pasado mes de octubre, que a\u00fan se conserva en las dependencias parroquiales.<\/span><\/p>\n<p style=\"text-align: justify;\"><span style=\"font-family: 'Times New Roman', Times;\">De entre los p\u00e1rrocos hist\u00f3ricos de esta iglesia pobre se encuentra don Francisco Navarrete, que fue Rector del Seminario de Madrid.<\/span><\/p>\n<p style=\"text-align: justify;\"><span style=\"font-family: 'Times New Roman', Times;\">En 2010 se cumpli\u00f3 el primer centenario de la parroquia, celebr\u00e1ndose de manera especial el 16 de julio con una Misa presidida por el entonces Arzobispo de Madrid, el Cardenal Antonio Mar\u00eda Rouco Varela.<\/span><\/p>\n<p style=\"text-align: justify;\"><img data-recalc-dims=\"1\" loading=\"lazy\" decoding=\"async\" class=\"size-full wp-image-380 aligncenter\" src=\"https:\/\/i0.wp.com\/hermandadelperdonmadrid.es\/wp-content\/uploads\/2017\/05\/San-Ram%C3%B3n-3.jpg?resize=640%2C426&#038;ssl=1\" alt=\"\" width=\"640\" height=\"426\" srcset=\"https:\/\/i0.wp.com\/hermandadelperdonmadrid.es\/wp-content\/uploads\/2017\/05\/San-Ram%C3%B3n-3.jpg?w=680&amp;ssl=1 680w, https:\/\/i0.wp.com\/hermandadelperdonmadrid.es\/wp-content\/uploads\/2017\/05\/San-Ram%C3%B3n-3.jpg?resize=300%2C200&amp;ssl=1 300w\" sizes=\"auto, (max-width: 640px) 100vw, 640px\" \/><\/p>\n","protected":false},"excerpt":{"rendered":"<p>Horarios Laborales S\u00e1bados y V\u00edsperas Domingos Eucarist\u00edas 9:30, 18:30, 20:00 9:30, 18:30, 20:00 10:00, 11:00, 12:00, 13:00, 18:30, 20:00 Confesiones UNA HORA ANTES DE LAS CELEBRACIONES Despacho Parroquial DE LUNES A VIERNES DE 10:00 A 12:00 Y DE 18:00 A &hellip; <a href=\"https:\/\/hermandadelperdonmadrid.es\/index.php\/parroquia-san-ramon-nonato\/\">Sigue leyendo <span class=\"meta-nav\">&rarr;<\/span><\/a><\/p>\n","protected":false},"author":1,"featured_media":0,"parent":0,"menu_order":0,"comment_status":"closed","ping_status":"closed","template":"","meta":{"footnotes":""},"class_list":["post-39","page","type-page","status-publish","hentry"],"jetpack_sharing_enabled":true,"jetpack_shortlink":"https:\/\/wp.me\/P8GJlT-D","_links":{"self":[{"href":"https:\/\/hermandadelperdonmadrid.es\/index.php\/wp-json\/wp\/v2\/pages\/39","targetHints":{"allow":["GET"]}}],"collection":[{"href":"https:\/\/hermandadelperdonmadrid.es\/index.php\/wp-json\/wp\/v2\/pages"}],"about":[{"href":"https:\/\/hermandadelperdonmadrid.es\/index.php\/wp-json\/wp\/v2\/types\/page"}],"author":[{"embeddable":true,"href":"https:\/\/hermandadelperdonmadrid.es\/index.php\/wp-json\/wp\/v2\/users\/1"}],"replies":[{"embeddable":true,"href":"https:\/\/hermandadelperdonmadrid.es\/index.php\/wp-json\/wp\/v2\/comments?post=39"}],"version-history":[{"count":14,"href":"https:\/\/hermandadelperdonmadrid.es\/index.php\/wp-json\/wp\/v2\/pages\/39\/revisions"}],"predecessor-version":[{"id":1298,"href":"https:\/\/hermandadelperdonmadrid.es\/index.php\/wp-json\/wp\/v2\/pages\/39\/revisions\/1298"}],"wp:attachment":[{"href":"https:\/\/hermandadelperdonmadrid.es\/index.php\/wp-json\/wp\/v2\/media?parent=39"}],"curies":[{"name":"wp","href":"https:\/\/api.w.org\/{rel}","templated":true}]}}

Parroquia San Ramón Nonato

<h2 style="text-align: justify;"><span style="font-family: 'Times New Roman', Times;"><strong>Horarios</strong></span></h2>
<table style="height: 300px; border-color: #000000; background-color: #f2efe1;" width="750">
<tbody>
<tr>
<td style="text-align: right;"></td>
<td style="text-align: center;">Laborales</td>
<td style="text-align: center;">Sábados y Vísperas</td>
<td style="text-align: center;">Domingos</td>
</tr>
<tr>
<td style="text-align: center;">Eucaristías</td>
<td style="text-align: center;">9:30, 18:30, 20:00</td>
<td style="text-align: center;">9:30, 18:30, 20:00</td>
<td style="text-align: center;">10:00, 11:00, 12:00, 13:00, 18:30, 20:00</td>
</tr>
<tr>
<td style="text-align: center;">Confesiones</td>
<td style="text-align: center;" colspan="3">UNA HORA ANTES DE LAS CELEBRACIONES</td>
</tr>
<tr>
<td style="text-align: center;">Despacho Parroquial</td>
<td style="text-align: center;" colspan="3">DE LUNES A VIERNES DE 10:00 A 12:00 Y DE 18:00 A 20:00</td>
</tr>
<tr>
<td style="text-align: center;">Apertura del Templo</td>
<td style="text-align: center;" colspan="3">De 7:30 A 21:30</td>
</tr>
</tbody>
</table>
<h2><span style="font-family: 'Times New Roman', Times;"><strong>Historia</strong></span></h2>
<p style="text-align: justify;"><span style="font-family: 'Times New Roman', Times;">En Puente Vallecas terminaba un Madrid y comenzaba otro. Los orígenes de la parroquia se remontan a 1903, fecha en la que el matrimonio de Isidro Villota y Dupré y Ramona de la Presilla y Calas mandaron levantar un templo en memoria de su hijo Ramón, fallecido a los 24 años. Concluida la construcción en 1907 se trasladó allí la imagen de la Virgen del Carmen que existía en una capilla situada en la calle Ramona de la Presilla, hoy Monte Igueldo.</span></p>
<p style="text-align: justify;"><span style="font-family: 'Times New Roman', Times;">Erigida la parroquia en 1910 se designa a don Antonio Calvo y Maestre como cura ecónomo. En San Ramón darían catequesis los beatos Pilar Izquierdo Albero, fundadora de la Pía Unión de Misioneras de Jesús, y Álvaro del Portillo, primer prelado del Opus Dei.</span></p>
<p style="text-align: justify;"><span style="font-family: 'Times New Roman', Times;"><img data-recalc-dims="1" loading="lazy" decoding="async" class="size-full wp-image-381 aligncenter" src="https://i0.wp.com/hermandadelperdonmadrid.es/wp-content/uploads/2017/05/San-Ram%C3%B3n1.jpg?resize=491%2C327&#038;ssl=1" alt="" width="491" height="327" srcset="https://i0.wp.com/hermandadelperdonmadrid.es/wp-content/uploads/2017/05/San-Ram%C3%B3n1.jpg?w=491&amp;ssl=1 491w, https://i0.wp.com/hermandadelperdonmadrid.es/wp-content/uploads/2017/05/San-Ram%C3%B3n1.jpg?resize=300%2C200&amp;ssl=1 300w" sizes="auto, (max-width: 491px) 100vw, 491px" /></span></p>
<p style="text-align: justify;"><span style="font-family: 'Times New Roman', Times;">Al comienzo de la Guerra Civil fueron fusilados el párroco, D. Emilio Franco, y el sacristán, y desaparecieron no sólo esa talla original de la Virgen del Carmen sino también otras imágenes de culto, convirtiéndose el templo en un garaje.</span></p>
<p style="text-align: justify;"><span style="font-family: 'Times New Roman', Times;">Pasada la guerra, en torno a 1939, la parroquia adquirió unas <img data-recalc-dims="1" loading="lazy" decoding="async" class="size-full wp-image-379 alignright" src="https://i0.wp.com/hermandadelperdonmadrid.es/wp-content/uploads/2017/05/San-Ram%C3%B3n-2.jpg?resize=221%2C332&#038;ssl=1" alt="" width="221" height="332" srcset="https://i0.wp.com/hermandadelperdonmadrid.es/wp-content/uploads/2017/05/San-Ram%C3%B3n-2.jpg?w=221&amp;ssl=1 221w, https://i0.wp.com/hermandadelperdonmadrid.es/wp-content/uploads/2017/05/San-Ram%C3%B3n-2.jpg?resize=200%2C300&amp;ssl=1 200w" sizes="auto, (max-width: 221px) 100vw, 221px" />nuevas imágenes de culto, entre ellas la actual Virgen del Carmen y un Crucificado, Titular de nuestra Hermandad hasta el pasado mes de octubre, que aún se conserva en las dependencias parroquiales.</span></p>
<p style="text-align: justify;"><span style="font-family: 'Times New Roman', Times;">De entre los párrocos históricos de esta iglesia pobre se encuentra don Francisco Navarrete, que fue Rector del Seminario de Madrid.</span></p>
<p style="text-align: justify;"><span style="font-family: 'Times New Roman', Times;">En 2010 se cumplió el primer centenario de la parroquia, celebrándose de manera especial el 16 de julio con una Misa presidida por el entonces Arzobispo de Madrid, el Cardenal Antonio María Rouco Varela.</span></p>
<p style="text-align: justify;"><img data-recalc-dims="1" loading="lazy" decoding="async" class="size-full wp-image-380 aligncenter" src="https://i0.wp.com/hermandadelperdonmadrid.es/wp-content/uploads/2017/05/San-Ram%C3%B3n-3.jpg?resize=640%2C426&#038;ssl=1" alt="" width="640" height="426" srcset="https://i0.wp.com/hermandadelperdonmadrid.es/wp-content/uploads/2017/05/San-Ram%C3%B3n-3.jpg?w=680&amp;ssl=1 680w, https://i0.wp.com/hermandadelperdonmadrid.es/wp-content/uploads/2017/05/San-Ram%C3%B3n-3.jpg?resize=300%2C200&amp;ssl=1 300w" sizes="auto, (max-width: 640px) 100vw, 640px" /></p>

<p>Horarios Laborales Sábados y Vísperas Domingos Eucaristías 9:30, 18:30, 20:00 9:30, 18:30, 20:00 10:00, 11:00, 12:00, 13:00, 18:30, 20:00 Confesiones UNA HORA ANTES DE LAS CELEBRACIONES Despacho Parroquial DE LUNES A VIERNES DE 10:00 A 12:00 Y DE 18:00 A &hellip; <a href="https://hermandadelperdonmadrid.es/index.php/parroquia-san-ramon-nonato/">Sigue leyendo <span class="meta-nav">&rarr;</span></a></p>
